40*z + 1. Let d be q(2). Let n = 2 - d. What is the greatest common divisor of n and b?
9
Suppose -18*t + 14*t + 24 = 0. Suppose -t = -5*y + 49. What is the greatest common divisor of y and 55?
11
Suppose 2*k - 19 = -3. Suppose -4*g + 3*f + 2*f = -28, -8 = 2*f. Suppose g*r + 2 = k. Calculate the highest common divisor of r and 9.
3
Let q be (-20)/(-30) + 7/3. Suppose 258 = 4*m - q*m. Suppose 5*d - m = -2*b - 24, -2*b - 54 = -d. What is the greatest common divisor of d and 6?
6
Let r = 8 - 5. Let q be -3 - (r - 7) - -35. Calculate the greatest common factor of 126 and q.
18
Let a(j) = 352*j**2 + j - 2. Let x be a(1). What is the highest common factor of 54 and x?
27
Let c = -33 + 32. Let u(k) = -91*k + 7. Let x be u(c). Calculate the greatest common factor of x and 14.
14
Suppose 384 = 3*m + 2*m + 3*g, -312 = -4*m - 4*g. What is the greatest common divisor of m and 100?
25
Let k be 9/(4 - 1)*(6 + 5). Suppose -2*n + 95 = -k. Calculate the greatest common divisor of 8 and n.
8
Let d(x) = x**2 + 22*x - 494. Let f be d(-36). Calculate the highest common divisor of 3740 and f.
10
Let s = -12 + 29. Let k = 65 + 89. Let x = k + -86. Calculate the highest common factor of x and s.
17
Let f(d) = 6*d**2 - d - 4. Let q be f(4). Let z(i) = -4*i - 45. Let j be z(-14). What is the highest common factor of j and q?
11
Let i = 21 + -13. Let u be 191/2 + 4/i. Let t = 134 + -122. What is the highest common divisor of u and t?
12
Let k(j) = -j**2 + j - 1. Let y be k(1). Let g be (5/(-4))/(y/28). Calculate the greatest common divisor of g and 5.
5
Let z be ((-2)/3)/((-8)/36). Suppose 0 = -5*c - 2*n + 73, -c - 3*n + 64 = z*c. Calculate the highest common divisor of 91 and c.
13
Let r = 173 - 154. Calculate the highest common factor of 19 and r.
19
Let b(v) = -v - 6. Let i be b(-10). Suppose 2*y - 2 = -a + 4*a, 0 = -i*y + 16. Let z be a/5 - (-228)/30. What is the greatest common factor of 64 and z?
8
Let x = 1 - -3. Suppose x*n = 5*n - 191. Let a = -111 + n. What is the greatest common factor of 8 and a?
8
Let r = -52 - -74. What is the highest common factor of r and 143?
11
Suppose 68*p - 583 = 505. Let w(o) be the first derivative of 4*o**3/3 + 1. Let d be w(-4). Calculate the highest common divisor of p and d.
16
Let o = 62 - -54. Suppose 90 = -b + o. What is the greatest common divisor of b and 234?
26
Suppose 0 = -i + 71 - 53. Let j be -2 - 4/(8/(-94)). What is the highest common factor of i and j?
9
Suppose 22*z - 24*z = 4*d - 42, 2*d + 4*z = 30. Let g(y) = 8*y + 3. Let k be g(3). Calculate the greatest common factor of d and k.
9
Suppose -k + 594 = -5*y + 9*y, -k + 2 = 0. What is the greatest common divisor of 111 and y?
37
Let m be (39/26)/(3/118). Suppose -m = 6*q - 269. What is the highest common divisor of 7 and q?
7
Let p = 584 + -514. Calculate the highest common divisor of p and 14.
14
Let z(n) = n**3 + 4*n**2 - n. Let c be z(-4). Let m(v) = v**3 + 35*v**2 + 2*v + 76. Let w be m(-35). What is the highest common divisor of c and w?
2
Suppose -187 = -4*j + 2*a + 133, 0 = 3*a. Suppose -p + 2*u - 106 = -112, 4*p + 4*u - 84 = 0. What is the highest common divisor of p and j?
16
Let d = -107 - -115. Let x be -1 + 6 - (-6 - (4 - d)). What is the greatest common divisor of x and 2?
1
Suppose 8 = -p + 2*q + 16, 0 = 2*p - q - 7. Calculate the highest common divisor of p and 862.
2
Let w = 1154 + -1140. What is the highest common factor of w and 140?
14
Let z be ((-4158)/(-28))/(((-1)/2)/(-1)). What is the greatest common divisor of z and 33?
33
Let m be 1/(2/7)*2. Let u = 7 - m. Suppose 2*s - s - 5 = u. What is the greatest common divisor of 20 and s?
5
Let n = 60 - 56. Suppose 9*f = n*f + 40. What is the greatest common divisor of 1 and f?
1
Let z be 72/432 + (-430)/(-12). Calculate the highest common divisor of z and 324.
36
Suppose 5*a - 414 + 29 = 0. Suppose -2*f - 23 = -5*n + 38, 3*n + 4*f - 21 = 0. Calculate the highest common factor of n and a.
11
Suppose 8 = 3*i - 4*t, -3*t + 0 + 28 = 2*i. Let u(k) = -42*k - 1. Let c be u(1). Let n = 99 + c. Calculate the greatest common factor of n and i.
8
Let n be (-2)/(5*1 - (-156)/(-30)). What is the highest common factor of n and 70?
10
Let b = -12 + 8. Let i be (2*11)/(2 + b). Let l be (i - (-2)/2)*-4. What is the highest common divisor of l and 16?
8
Let t = -8 - -21. Let f be (-4)/(-120)*4 + 84/45. Suppose -f*w + 67 = u, 4*w = -1 + 5. What is the highest common divisor of t and u?
13
Suppose -1 = -u - 3*h, -4*u = -0*h + 4*h - 12. Let p be 2 + (0 - -2) + u. Calculate the greatest common factor of p and 24.
8
Let y(n) = n**3 + 5*n**2 - 6*n + 2. Let m be y(5). Suppose -330 - m = -12*z. Calculate the highest common divisor of z and 23.
23
Let y(d) = -d**3 + 9*d**2 - 13*d - 2. Let t be y(7). Suppose -2*m + 168 = t*m. Calculate the greatest common divisor of 60 and m.
12
Suppose 144 = 4*s - 360. Let c = -764 - -792. Calculate the greatest common factor of s and c.
14
Suppose 5*m = 22*o - 20*o - 174, 2*o = -4*m + 192. Calculate the greatest common factor of 1472 and o.
92
Let x = -137 - -505. Calculate the highest common divisor of 138 and x.
46
Let g = 111 - 196. Let b = g - -239. What is the greatest common factor of b and 14?
14
Suppose 2*c + 10 = 0, c - 82 + 11 = -2*r. Let t be (19/3)/((-1)/(-12)). Calculate the highest common divisor of r and t.
38
Let z(n) = 4*n**2 - 31*n - 2. Let d be z(8). Calculate the greatest common divisor of d and 384.
6
Let c be (-1)/1 + (18 - -1). Let y = 1712 + -722. Suppose -15*g + y = -10*g. What is the highest common factor of g and c?
18
Suppose -3*g + 6*g - 1089 = -4*i, -2*g = 5*i - 1356. Suppose -99*v - i = -102*v. What is the highest common factor of v and 36?
18
Suppose 3*h - 18 = -4*g + 107, -3*g + 162 = 4*h. What is the highest common factor of h and 117?
39
Let m be 2/4*26 + 2. Let k = 2096 + -1991. What is the highest common divisor of m and k?
15
Let z = -20 - -25. Suppose -z*g + 212 = -68. Let a(x) = x**3 + 5*x**2 - x + 3. Let b be a(-5). What is the greatest common divisor of b and g?
8
Suppose -144 = -2*x + 4*o, -2*x + 117 = 2*o + 3*o. Let b = x + -51. Let a(t) = 7*t + 1. Let u be a(2). What is the greatest common factor of u and b?
15
Suppose -14*n + 14 = -0*n. Let m = -5 + 7. Suppose 0 = m*s - 2 - 8. Calculate the highest common divisor of n and s.
1
Suppose -27*q - 323 + 863 = 0. What is the highest common divisor of q and 580?
20
Let p(z) = -z**3 - 18*z**2 - 3. Let x be p(-18). Let g be (-27 - (-1 + 0))/(-2). Let w be (-2 - 1)*g/x. Calculate the greatest common factor of w and 26.
13
Suppose -4*w + 5*x + 1 = -21, -3*w + 7 = x. Calculate the highest common factor of w and 111.
3
Let f(z) = -z + 7. Let q be f(0). Let o(y) = -y**3 - y**2 - y + 14. Let b be o(0). Calculate the highest common factor of b and q.
7
Suppose 2*h = -4*c + 20, 3*h - c + 5*c - 34 = 0. Let v = -259 - -280. Calculate the greatest common divisor of h and v.
7
Let t be (5*(-12)/30)/(4/(-104)). Suppose g + g = 3*d + 716, 3*d + 352 = g. Calculate the greatest common factor of g and t.
52
Suppose -4*l + 2*v = -0*v - 2, -5*l + 5 = -5*v. Suppose l = 4*i - 14 + 2. What is the greatest common factor of 21 and i?
3
Let o(g) = 16*g - 158. Let s be o(10). Suppose 19 - 3 = -2*z. Let u = z - -11. Calculate the highest common divisor of u and s.
1
Let a(j) = -j. Let h be a(-10). Let o be (12/30)/(4/10). Let l be o/(153/150 + -1). Calculate the greatest common divisor of l and h.
10
Let a(y) = y**3 - 7*y**2 - 5*y. Let d be a(8). Let w = 4 + -1. Suppose -38 = -4*n + p + 27, w*n = 4*p + 52. What is the highest common factor of d and n?
8
Suppose y + 3*z = 2*y - 4, -y = -5*z + 2. Suppose 0 = 5*m - y*m + 320. Calculate the greatest common factor of m and 10.
10
Suppose -4*y - 4*y = -8. Let b be (0 - 1)/((-1 + 0)*y). Calculate the greatest common divisor of b and 7.
1
Suppose 3*j - 85 - 8 = 0. Let s = -24 + j. Calculate the highest common divisor of 28 and s.
7
Let y(w) = -26*w - 72. Let o be y(-7). What is the highest common factor of o and 22?
22
Let r = -280 - -284. What is the highest common divisor of r and 46?
2
Suppose 56*f - 50*f - 810 = 0. What is the greatest common factor of 117 and f?
9
Let o be 5/(-1) + 2 + 7 + -3. Calculate the greatest common divisor of o and 29.
1
Let a(s) = -s**2 - 9*s + 111. Let